{"id":1136,"date":"2026-01-26T18:25:19","date_gmt":"2026-01-26T18:25:19","guid":{"rendered":"https:\/\/silver-duck-970561.hostingersite.com\/?page_id=1136"},"modified":"2026-03-17T15:02:30","modified_gmt":"2026-03-17T15:02:30","slug":"admision","status":"publish","type":"page","link":"https:\/\/chk.cl\/wp9\/admision-y-matricula\/admision\/","title":{"rendered":"Admisi\u00f3n"},"content":{"rendered":"\n<div class=\"wp-block-uagb-container uagb-block-5879d05b alignfull uagb-is-root-container\"><div class=\"uagb-container-inner-blocks-wrap\">\n<div class=\"wp-block-uagb-container uagb-block-cb992042\">\n<div class=\"wp-block-uagb-advanced-heading uagb-block-f8ccb537\"><h1 class=\"uagb-heading-text\"><strong>Admisi\u00f3n<\/strong><\/h1><\/div>\n<\/div>\n<\/div><\/div>\n\n\n\n<div class=\"wp-block-uagb-container uagb-block-cbae9311 alignfull uagb-is-root-container\"><div class=\"uagb-container-inner-blocks-wrap\">\n<div class=\"wp-block-uagb-container uagb-block-c0ec97f0\">\n<div class=\"wp-block-uagb-advanced-heading uagb-block-bc054695\"><h2 class=\"uagb-heading-text\"><strong>Estimada Comunidad<\/strong><\/h2><\/div>\n<\/div>\n\n\n\n<div class=\"wp-block-uagb-container uagb-block-0269cc44\">\n<p class=\"has-medium-font-size\"><strong>El Proceso de Admisi\u00f3n de nuestro colegio se encuentra abierto durante todo el a\u00f1o, para las familias y estudiantes que lo requieran.<\/strong><\/p>\n\n\n\n<div class=\"wp-block-uagb-container uagb-block-2681862f\">\n<p class=\"has-medium-font-size\"><strong><br>Para conocer cupos y matr\u00edculas, pueden acercarse a nuestro colegio de Lunes a Viernes de 8:30 a 17:00 horas, o llamar al tel\u00e9fono 2 2481 6413<br>Para poder ser parte de nuestra comunidad se requieren de los siguientes documentos:<br><\/strong><\/p>\n\n\n\n<ul class=\"wp-block-list has-medium-font-size\">\n<li class=\"has-ast-global-color-7-color has-text-color has-link-color wp-elements-8c29398037f2f071637f902590eaf84b\"><strong>Certificado de Nacimiento<\/strong><\/li>\n\n\n\n<li class=\"has-ast-global-color-7-color has-text-color has-link-color wp-elements-38c4544772a741b365f39fac5e600e31\"><strong>Diagnostico Oftalmol\u00f3gico y\/o Neurol\u00f3gico<\/strong><\/li>\n\n\n\n<li class=\"has-ast-global-color-7-color has-text-color has-link-color wp-elements-a9ca59a97c1e0972f8bd15a957103636\"><strong>Certificado de promoci\u00f3n o Informe Pedag\u00f3gico cuando corresponde<\/strong><\/li>\n<\/ul>\n<\/div>\n<\/div>\n\n\n\n<div class=\"wp-block-uagb-container uagb-block-d24a8d1a\">\n<div class=\"wp-block-uagb-advanced-heading uagb-block-194c3a04\"><h2 class=\"uagb-heading-text\"><strong>Beneficios<\/strong><\/h2><\/div>\n\n\n\n<p class=\"has-medium-font-size\"><strong><strong>Es necesario destacar que al ser una escuela especial y b\u00e1sica municipal, es gratuita, por lo que el \u00fanico aporte que debe realizar la familia es su presencia y su compromiso con el proceso de formaci\u00f3n de su hijo(a).<br>La matr\u00edcula est\u00e1 abierta durante todo el a\u00f1o<\/strong><\/strong>.<\/p>\n<\/div>\n\n\n\n<div class=\"wp-block-uagb-container uagb-block-9794e54d\">\n<div class=\"wp-block-uagb-advanced-heading uagb-block-035ccc61\"><h2 class=\"uagb-heading-text\"><strong><strong>Antecedentes Necesarios para Postular<\/strong><\/strong><\/h2><\/div>\n\n\n\n<ul class=\"wp-block-list\">\n<li class=\"has-ast-global-color-7-color has-text-color has-link-color has-medium-font-size wp-elements-26f9679a6c9460f120eebfe0f1b3e0c6\"><strong>Certificado de Nacimiento<\/strong><\/li>\n\n\n\n<li class=\"has-ast-global-color-7-color has-text-color has-link-color has-medium-font-size wp-elements-be7cc92329826fda0bc6a60df1650821\"><strong>Diagnostico Oftalmol\u00f3gico<\/strong><\/li>\n\n\n\n<li class=\"has-ast-global-color-7-color has-text-color has-link-color has-medium-font-size wp-elements-1f55a2d468ccf5b25828af994dc7ac88\"><strong>Certificado de promoci\u00f3n o Informe Pedag\u00f3gico cuando corresponde,<\/strong><\/li>\n\n\n\n<li class=\"has-ast-global-color-7-color has-text-color has-link-color has-medium-font-size wp-elements-956233403712df8ff3cf43f6193533bc\"><strong>La presencia del apoderado en la ciudad de Santiago, para alumnos provenientes de otras regiones del pa\u00eds. En algunos casos tambi\u00e9n es necesario presentar un Informe Medico por otros diagn\u00f3sticos a considerar y las indicaciones de tratamiento medicamentoso si lo hubiere.<\/strong><\/li>\n\n\n\n<li class=\"has-ast-global-color-7-color has-text-color has-link-color has-medium-font-size wp-elements-7e07d7cf5a372873d31770523021082e\"><strong>Ante dudas y consultas no dude escribirnos a:&nbsp;<\/strong>\n<ul class=\"wp-block-list\">\n<li class=\"has-ast-global-color-7-color has-text-color has-link-color has-small-font-size wp-elements-50784799dfef43097d492d921ce7ef0f\"><strong>colegiohellenkeller@cmdsnunoa.cl<\/strong><\/li>\n<\/ul>\n<\/li>\n<\/ul>\n<\/div>\n<\/div><\/div>\n","protected":false},"excerpt":{"rendered":"<p>Admisi\u00f3n Estimada Comunidad El Proceso de Admisi\u00f3n de nuestro colegio se encuentra abierto durante todo el a\u00f1o, para las familias y estudiantes que lo requieran. Para conocer cupos y matr\u00edculas, pueden acercarse a nuestro colegio de Lunes a Viernes de 8:30 a 17:00 horas, o llamar al tel\u00e9fono 2 2481 6413Para poder ser parte de nuestra comunidad se requieren de los siguientes documentos: Beneficios Es necesario destacar que al ser una escuela especial y b\u00e1sica municipal, es gratuita, por lo que el \u00fanico aporte que debe realizar la familia es su presencia y su compromiso con el proceso de formaci\u00f3n de su hijo(a).La matr\u00edcula est\u00e1 abierta durante todo el a\u00f1o. Antecedentes Necesarios para Postular<\/p>\n","protected":false},"author":2,"featured_media":0,"parent":841,"menu_order":0,"comment_status":"closed","ping_status":"closed","template":"","meta":{"_uag_custom_page_level_css":"","site-sidebar-layout":"default","site-content-layout":"","ast-site-content-layout":"default","site-content-style":"default","site-sidebar-style":"default","ast-global-header-display":"","ast-banner-title-visibility":"","ast-main-header-display":"","ast-hfb-above-header-display":"","ast-hfb-below-header-display":"","ast-hfb-mobile-header-display":"","site-post-title":"disabled","ast-breadcrumbs-content":"","ast-featured-img":"","footer-sml-layout":"","ast-disable-related-posts":"","theme-transparent-header-meta":"","adv-header-id-meta":"","stick-header-meta":"","header-above-stick-meta":"","header-main-stick-meta":"","header-below-stick-meta":"","astra-migrate-meta-layouts":"set","ast-page-background-enabled":"default","ast-page-background-meta":{"desktop":{"background-color":"var(--ast-global-color-4)","background-image":"","background-repeat":"repeat","background-position":"center center","background-size":"auto","background-attachment":"scroll","background-type":"","background-media":"","overlay-type":"","overlay-color":"","overlay-opacity":"","overlay-gradient":""},"tablet":{"background-color":"","background-image":"","background-repeat":"repeat","background-position":"center center","background-size":"auto","background-attachment":"scroll","background-type":"","background-media":"","overlay-type":"","overlay-color":"","overlay-opacity":"","overlay-gradient":""},"mobile":{"background-color":"","background-image":"","background-repeat":"repeat","background-position":"center center","background-size":"auto","background-attachment":"scroll","background-type":"","background-media":"","overlay-type":"","overlay-color":"","overlay-opacity":"","overlay-gradient":""}},"ast-content-background-meta":{"desktop":{"background-color":"var(--ast-global-color-5)","background-image":"","background-repeat":"repeat","background-position":"center center","background-size":"auto","background-attachment":"scroll","background-type":"","background-media":"","overlay-type":"","overlay-color":"","overlay-opacity":"","overlay-gradient":""},"tablet":{"background-color":"var(--ast-global-color-5)","background-image":"","background-repeat":"repeat","background-position":"center center","background-size":"auto","background-attachment":"scroll","background-type":"","background-media":"","overlay-type":"","overlay-color":"","overlay-opacity":"","overlay-gradient":""},"mobile":{"background-color":"var(--ast-global-color-5)","background-image":"","background-repeat":"repeat","background-position":"center center","background-size":"auto","background-attachment":"scroll","background-type":"","background-media":"","overlay-type":"","overlay-color":"","overlay-opacity":"","overlay-gradient":""}},"footnotes":""},"class_list":["post-1136","page","type-page","status-publish","hentry"],"uagb_featured_image_src":{"full":false,"thumbnail":false,"medium":false,"medium_large":false,"large":false,"1536x1536":false,"2048x2048":false,"woocommerce_thumbnail":false,"woocommerce_single":false,"woocommerce_gallery_thumbnail":false},"uagb_author_info":{"display_name":"admin","author_link":"https:\/\/chk.cl\/wp9\/author\/admin\/"},"uagb_comment_info":0,"uagb_excerpt":"Admisi\u00f3n Estimada Comunidad El Proceso de Admisi\u00f3n de nuestro colegio se encuentra abierto durante todo el a\u00f1o, para las familias y estudiantes que lo requieran. Para conocer cupos y matr\u00edculas, pueden acercarse a nuestro colegio de Lunes a Viernes de 8:30 a 17:00 horas, o llamar al tel\u00e9fono 2 2481 6413Para poder ser parte de&hellip;","_links":{"self":[{"href":"https:\/\/chk.cl\/wp9\/wp-json\/wp\/v2\/pages\/1136","targetHints":{"allow":["GET"]}}],"collection":[{"href":"https:\/\/chk.cl\/wp9\/wp-json\/wp\/v2\/pages"}],"about":[{"href":"https:\/\/chk.cl\/wp9\/wp-json\/wp\/v2\/types\/page"}],"author":[{"embeddable":true,"href":"https:\/\/chk.cl\/wp9\/wp-json\/wp\/v2\/users\/2"}],"replies":[{"embeddable":true,"href":"https:\/\/chk.cl\/wp9\/wp-json\/wp\/v2\/comments?post=1136"}],"version-history":[{"count":6,"href":"https:\/\/chk.cl\/wp9\/wp-json\/wp\/v2\/pages\/1136\/revisions"}],"predecessor-version":[{"id":2568,"href":"https:\/\/chk.cl\/wp9\/wp-json\/wp\/v2\/pages\/1136\/revisions\/2568"}],"up":[{"embeddable":true,"href":"https:\/\/chk.cl\/wp9\/wp-json\/wp\/v2\/pages\/841"}],"wp:attachment":[{"href":"https:\/\/chk.cl\/wp9\/wp-json\/wp\/v2\/media?parent=1136"}],"curies":[{"name":"wp","href":"https:\/\/api.w.org\/{rel}","templated":true}]}}