{"id":925,"date":"2026-01-23T23:45:24","date_gmt":"2026-01-23T23:45:24","guid":{"rendered":"https:\/\/silver-duck-970561.hostingersite.com\/?page_id=925"},"modified":"2026-03-17T14:55:52","modified_gmt":"2026-03-17T14:55:52","slug":"matricula","status":"publish","type":"page","link":"https:\/\/chk.cl\/wp9\/admision-y-matricula\/matricula\/","title":{"rendered":"Matr\u00edcula"},"content":{"rendered":"\n<div class=\"wp-block-uagb-container uagb-block-cbae9311 alignfull uagb-is-root-container\"><div class=\"uagb-container-inner-blocks-wrap\">\n<div class=\"wp-block-uagb-container uagb-block-5879d05b alignfull uagb-is-root-container\"><div class=\"uagb-container-inner-blocks-wrap\">\n<div class=\"wp-block-uagb-container uagb-block-cb992042\">\n<div class=\"wp-block-uagb-advanced-heading uagb-block-f8ccb537\"><h1 class=\"uagb-heading-text\"><strong>Matr\u00edcula<\/strong><\/h1><\/div>\n\n\n\n<div class=\"wp-block-uagb-advanced-heading uagb-block-035ccc61\"><h2 class=\"uagb-heading-text\"><strong><strong><strong>Proceso de Matr\u00edcula Colegio Hellen Keller 2026<\/strong><\/strong><\/strong><\/h2><\/div>\n<\/div>\n<\/div><\/div>\n\n\n\n<div class=\"wp-block-uagb-container uagb-block-0269cc44\">\n<div class=\"wp-block-uagb-advanced-heading uagb-block-2cdb40db\"><p class=\"uagb-heading-text\"><strong>Estimadas Familias<br>&nbsp;<br>Junto con saludarles, informamos a ustedes el inicio del proceso de Matr\u00edcula para el a\u00f1o Escolar 2023.<\/strong><\/p><\/div>\n\n\n\n<div class=\"wp-block-uagb-buttons uagb-buttons__outer-wrap uagb-btn__default-btn uagb-btn-tablet__default-btn uagb-btn-mobile__default-btn uagb-block-dd4f3335\"><div class=\"uagb-buttons__wrap uagb-buttons-layout-wrap \">\n<div class=\"wp-block-uagb-buttons-child uagb-buttons__outer-wrap uagb-block-da137f07 wp-block-button\"><div class=\"uagb-button__wrapper\"><a class=\"uagb-buttons-repeater wp-block-button__link\" aria-label=\"\" href=\"https:\/\/chk.cl\/wp-content\/uploads\/2026\/01\/formulario-matricula-2025.docx\" rel=\"nofollow noopener\" target=\"_blank\" role=\"button\"><div class=\"uagb-button__link\">Formulario Matr\u00edcula &#8211; A\u00f1o 2026<\/div><\/a><\/div><\/div>\n<\/div><\/div>\n<\/div>\n\n\n\n<div class=\"wp-block-uagb-container uagb-block-687cef53\">\n<ul class=\"wp-block-list\">\n<li class=\"has-ast-global-color-5-color has-text-color has-link-color has-medium-font-size wp-elements-8ea079252c48df63d28bb9103fb0a165\"><strong>El proceso se llevar\u00e1 a cabo de manera presencial en el colegio.<\/strong><\/li>\n\n\n\n<li class=\"has-ast-global-color-5-color has-text-color has-link-color has-medium-font-size wp-elements-fc0c6495743afd72c28d70bebe9c5077\"><strong>Se realiza en la secretar\u00eda con la Sra. Marta Ardiles.<\/strong><\/li>\n\n\n\n<li class=\"has-ast-global-color-5-color has-text-color has-link-color has-medium-font-size wp-elements-44bfd1aa0f4371c0d86073db7848b8fa\"><strong>Fechas para Matr\u00edcula: Viernes 25 de Noviembre a Viernes 9 de Diciembre.<\/strong><\/li>\n\n\n\n<li class=\"has-ast-global-color-5-color has-text-color has-link-color has-medium-font-size wp-elements-0776c49432e7e41fd325d196c956f006\"><strong>Horario Matr\u00edculas:<ul><li>Lunes a Jueves: 9:00 a 17:00 hrs.<\/li><\/ul><\/strong><\/li>\n<\/ul>\n<\/div>\n\n\n\n<div class=\"wp-block-uagb-container uagb-block-7bc4f859 alignfull uagb-is-root-container\"><div class=\"uagb-container-inner-blocks-wrap\">\n<ul class=\"wp-block-list has-medium-font-size\">\n<li class=\"has-black-color has-text-color has-link-color wp-elements-cff9664cb78654a2b577dda47d1dd1c1\"><strong>Cada apoderado debe completar una ficha por estudiante.<\/strong><\/li>\n\n\n\n<li class=\"has-ast-global-color-2-color has-text-color has-link-color wp-elements-735a44bb5fffc10af8256cf904dd1943\"><strong>Se adjunta la ficha de matr\u00edcula. Esta puede ser completada de tres maneras:<\/strong><ul><li><strong>Digital en Word y enviada v\u00eda email a:<\/strong> <a href=\"mailto:colegiohellenkeller@cmdsnunoa.cl\"><strong>colegiohellenkeller@cmdsnunoa.cl<\/strong><\/a><strong> <\/strong><strong>Impresa: la pueden imprimir y llenar (con letra clara) en sus casas y traerla lista<\/strong><\/li><\/ul><\/li>\n<\/ul>\n<\/div><\/div>\n\n\n\n<div class=\"wp-block-uagb-container uagb-block-01dc5461\">\n<ul class=\"wp-block-list\">\n<li class=\"has-ast-global-color-5-color has-text-color has-link-color has-medium-font-size wp-elements-1d4ef0b2d0499abe66f3d523dcd220af\"><strong>Los apoderados deben tener al d\u00eda la entrega de Certificados M\u00e9dicos a la Jefa de UTP con los diagn\u00f3sticos actualizados de los estudiantes.<\/strong><\/li>\n<\/ul>\n<\/div>\n\n\n\n<div class=\"wp-block-uagb-container uagb-block-276673ae alignfull uagb-is-root-container\"><div class=\"uagb-container-inner-blocks-wrap\">\n<ul class=\"wp-block-list has-medium-font-size\">\n<li class=\"has-black-color has-text-color has-link-color wp-elements-dd6351b92c627b1bf90055121703ed8a\"><strong>Se solicita completar una breve encuesta sobre actualizaci\u00f3n de Proyecto Educativo Institucional (PEI) que se adjunta en este mail.<\/strong><\/li>\n<\/ul>\n<\/div><\/div>\n\n\n\n<div class=\"wp-block-uagb-container uagb-block-91cf7bf6\">\n<ul class=\"wp-block-list\">\n<li class=\"has-ast-global-color-5-color has-text-color has-link-color has-medium-font-size wp-elements-d89475086b2bfc86ce0237c6a9136a10\"><strong>Adjuntamos adem\u00e1s para su conocimiento los siguientes documentos que son importantes que los manejen y conozcan:<ul><li>Reglamento Interno de Evaluaci\u00f3n (v\u00e1lido para alumnos de 1ero a 8vo b\u00e1sico)<\/li><\/ul><\/strong>\n<ul class=\"wp-block-list\">\n<li class=\"has-ast-global-color-5-color has-text-color has-medium-font-size\"><strong>Link Reglamento Interno del Colegio Hellen Keller:<ul><li><a href=\"https:\/\/chk.cl\/wp9\/wp-content\/uploads\/2026\/01\/PEI-Colegio-Hellen-Keller.pdf\" target=\"_blank\" rel=\"noopener\" title=\"\">Ver Link (<\/a><a href=\"https:\/\/chk.cl\/wp9\/wp-content\/uploads\/2026\/01\/RICE-CHK-2025-.pdf\" target=\"_blank\" rel=\"noopener\" title=\"\">https:\/\/chk.cl\/wp-content\/uploads\/2026\/01\/RICE-CHK-2025-.pdf<\/a><a href=\"https:\/\/chk.cl\/wp9\/wp-content\/uploads\/2026\/01\/PEI-Colegio-Hellen-Keller.pdf\" target=\"_blank\" rel=\"noopener\" title=\"\">)<\/a><\/li><\/ul><\/strong><\/li>\n\n\n\n<li class=\"has-ast-global-color-5-color has-text-color has-link-color has-medium-font-size wp-elements-30aa297076c9e649253693177419a1f8\"><strong>Link PEI Colegio Hellen Keller:<ul><li><a href=\"https:\/\/chk.cl\/wp9\/wp-content\/uploads\/2026\/01\/PEI-Colegio-Hellen-Keller.pdf\" target=\"_blank\" rel=\"noopener\" title=\"\">Ver Link (https:\/\/chk.cl\/wp-content\/uploads\/2026\/01\/PEI-Colegio-Hellen-Keller.pdf)<\/a><\/li><\/ul><\/strong><\/li>\n<\/ul>\n<\/li>\n<\/ul>\n<\/div>\n<\/div><\/div>\n","protected":false},"excerpt":{"rendered":"<p>Matr\u00edcula Proceso de Matr\u00edcula Colegio Hellen Keller 2026 Estimadas Familias&nbsp;Junto con saludarles, informamos a ustedes el inicio del proceso de Matr\u00edcula para el a\u00f1o Escolar 2023.<\/p>\n","protected":false},"author":2,"featured_media":0,"parent":841,"menu_order":0,"comment_status":"closed","ping_status":"closed","template":"","meta":{"_uag_custom_page_level_css":"","site-sidebar-layout":"default","site-content-layout":"","ast-site-content-layout":"default","site-content-style":"default","site-sidebar-style":"default","ast-global-header-display":"","ast-banner-title-visibility":"","ast-main-header-display":"","ast-hfb-above-header-display":"","ast-hfb-below-header-display":"","ast-hfb-mobile-header-display":"","site-post-title":"disabled","ast-breadcrumbs-content":"","ast-featured-img":"","footer-sml-layout":"","ast-disable-related-posts":"","theme-transparent-header-meta":"","adv-header-id-meta":"","stick-header-meta":"","header-above-stick-meta":"","header-main-stick-meta":"","header-below-stick-meta":"","astra-migrate-meta-layouts":"set","ast-page-background-enabled":"default","ast-page-background-meta":{"desktop":{"background-color":"var(--ast-global-color-4)","background-image":"","background-repeat":"repeat","background-position":"center center","background-size":"auto","background-attachment":"scroll","background-type":"","background-media":"","overlay-type":"","overlay-color":"","overlay-opacity":"","overlay-gradient":""},"tablet":{"background-color":"","background-image":"","background-repeat":"repeat","background-position":"center center","background-size":"auto","background-attachment":"scroll","background-type":"","background-media":"","overlay-type":"","overlay-color":"","overlay-opacity":"","overlay-gradient":""},"mobile":{"background-color":"","background-image":"","background-repeat":"repeat","background-position":"center center","background-size":"auto","background-attachment":"scroll","background-type":"","background-media":"","overlay-type":"","overlay-color":"","overlay-opacity":"","overlay-gradient":""}},"ast-content-background-meta":{"desktop":{"background-color":"var(--ast-global-color-5)","background-image":"","background-repeat":"repeat","background-position":"center center","background-size":"auto","background-attachment":"scroll","background-type":"","background-media":"","overlay-type":"","overlay-color":"","overlay-opacity":"","overlay-gradient":""},"tablet":{"background-color":"var(--ast-global-color-5)","background-image":"","background-repeat":"repeat","background-position":"center center","background-size":"auto","background-attachment":"scroll","background-type":"","background-media":"","overlay-type":"","overlay-color":"","overlay-opacity":"","overlay-gradient":""},"mobile":{"background-color":"var(--ast-global-color-5)","background-image":"","background-repeat":"repeat","background-position":"center center","background-size":"auto","background-attachment":"scroll","background-type":"","background-media":"","overlay-type":"","overlay-color":"","overlay-opacity":"","overlay-gradient":""}},"footnotes":""},"class_list":["post-925","page","type-page","status-publish","hentry"],"uagb_featured_image_src":{"full":false,"thumbnail":false,"medium":false,"medium_large":false,"large":false,"1536x1536":false,"2048x2048":false,"woocommerce_thumbnail":false,"woocommerce_single":false,"woocommerce_gallery_thumbnail":false},"uagb_author_info":{"display_name":"admin","author_link":"https:\/\/chk.cl\/wp9\/author\/admin\/"},"uagb_comment_info":0,"uagb_excerpt":"Matr\u00edcula Proceso de Matr\u00edcula Colegio Hellen Keller 2026 Estimadas Familias&nbsp;Junto con saludarles, informamos a ustedes el inicio del proceso de Matr\u00edcula para el a\u00f1o Escolar 2023.","_links":{"self":[{"href":"https:\/\/chk.cl\/wp9\/wp-json\/wp\/v2\/pages\/925","targetHints":{"allow":["GET"]}}],"collection":[{"href":"https:\/\/chk.cl\/wp9\/wp-json\/wp\/v2\/pages"}],"about":[{"href":"https:\/\/chk.cl\/wp9\/wp-json\/wp\/v2\/types\/page"}],"author":[{"embeddable":true,"href":"https:\/\/chk.cl\/wp9\/wp-json\/wp\/v2\/users\/2"}],"replies":[{"embeddable":true,"href":"https:\/\/chk.cl\/wp9\/wp-json\/wp\/v2\/comments?post=925"}],"version-history":[{"count":8,"href":"https:\/\/chk.cl\/wp9\/wp-json\/wp\/v2\/pages\/925\/revisions"}],"predecessor-version":[{"id":2565,"href":"https:\/\/chk.cl\/wp9\/wp-json\/wp\/v2\/pages\/925\/revisions\/2565"}],"up":[{"embeddable":true,"href":"https:\/\/chk.cl\/wp9\/wp-json\/wp\/v2\/pages\/841"}],"wp:attachment":[{"href":"https:\/\/chk.cl\/wp9\/wp-json\/wp\/v2\/media?parent=925"}],"curies":[{"name":"wp","href":"https:\/\/api.w.org\/{rel}","templated":true}]}}

Matrícula

<div class="wp-block-uagb-container uagb-block-cbae9311 alignfull uagb-is-root-container"><div class="uagb-container-inner-blocks-wrap">
<div class="wp-block-uagb-container uagb-block-5879d05b alignfull uagb-is-root-container"><div class="uagb-container-inner-blocks-wrap">
<div class="wp-block-uagb-container uagb-block-cb992042">
<div class="wp-block-uagb-advanced-heading uagb-block-f8ccb537"><h1 class="uagb-heading-text"><strong>Matrícula</strong></h1></div>



<div class="wp-block-uagb-advanced-heading uagb-block-035ccc61"><h2 class="uagb-heading-text"><strong><strong><strong>Proceso de Matrícula Colegio Hellen Keller 2026</strong></strong></strong></h2></div>
</div>
</div></div>



<div class="wp-block-uagb-container uagb-block-0269cc44">
<div class="wp-block-uagb-advanced-heading uagb-block-2cdb40db"><p class="uagb-heading-text"><strong>Estimadas Familias<br>&nbsp;<br>Junto con saludarles, informamos a ustedes el inicio del proceso de Matrícula para el año Escolar 2023.</strong></p></div>



<div class="wp-block-uagb-buttons uagb-buttons__outer-wrap uagb-btn__default-btn uagb-btn-tablet__default-btn uagb-btn-mobile__default-btn uagb-block-dd4f3335"><div class="uagb-buttons__wrap uagb-buttons-layout-wrap ">
<div class="wp-block-uagb-buttons-child uagb-buttons__outer-wrap uagb-block-da137f07 wp-block-button"><div class="uagb-button__wrapper"><a class="uagb-buttons-repeater wp-block-button__link" aria-label="" href="https://chk.cl/wp-content/uploads/2026/01/formulario-matricula-2025.docx" rel="nofollow noopener" target="_blank" role="button"><div class="uagb-button__link">Formulario Matrícula &#8211; Año 2026</div></a></div></div>
</div></div>
</div>



<div class="wp-block-uagb-container uagb-block-687cef53">
<ul class="wp-block-list">
<li class="has-ast-global-color-5-color has-text-color has-link-color has-medium-font-size wp-elements-8ea079252c48df63d28bb9103fb0a165"><strong>El proceso se llevará a cabo de manera presencial en el colegio.</strong></li>



<li class="has-ast-global-color-5-color has-text-color has-link-color has-medium-font-size wp-elements-fc0c6495743afd72c28d70bebe9c5077"><strong>Se realiza en la secretaría con la Sra. Marta Ardiles.</strong></li>



<li class="has-ast-global-color-5-color has-text-color has-link-color has-medium-font-size wp-elements-44bfd1aa0f4371c0d86073db7848b8fa"><strong>Fechas para Matrícula: Viernes 25 de Noviembre a Viernes 9 de Diciembre.</strong></li>



<li class="has-ast-global-color-5-color has-text-color has-link-color has-medium-font-size wp-elements-0776c49432e7e41fd325d196c956f006"><strong>Horario Matrículas:<ul><li>Lunes a Jueves: 9:00 a 17:00 hrs.</li></ul></strong></li>
</ul>
</div>



<div class="wp-block-uagb-container uagb-block-7bc4f859 alignfull uagb-is-root-container"><div class="uagb-container-inner-blocks-wrap">
<ul class="wp-block-list has-medium-font-size">
<li class="has-black-color has-text-color has-link-color wp-elements-cff9664cb78654a2b577dda47d1dd1c1"><strong>Cada apoderado debe completar una ficha por estudiante.</strong></li>



<li class="has-ast-global-color-2-color has-text-color has-link-color wp-elements-735a44bb5fffc10af8256cf904dd1943"><strong>Se adjunta la ficha de matrícula. Esta puede ser completada de tres maneras:</strong><ul><li><strong>Digital en Word y enviada vía email a:</strong> <a href="mailto:colegiohellenkeller@cmdsnunoa.cl"><strong>colegiohellenkeller@cmdsnunoa.cl</strong></a><strong> </strong><strong>Impresa: la pueden imprimir y llenar (con letra clara) en sus casas y traerla lista</strong></li></ul></li>
</ul>
</div></div>



<div class="wp-block-uagb-container uagb-block-01dc5461">
<ul class="wp-block-list">
<li class="has-ast-global-color-5-color has-text-color has-link-color has-medium-font-size wp-elements-1d4ef0b2d0499abe66f3d523dcd220af"><strong>Los apoderados deben tener al día la entrega de Certificados Médicos a la Jefa de UTP con los diagnósticos actualizados de los estudiantes.</strong></li>
</ul>
</div>



<div class="wp-block-uagb-container uagb-block-276673ae alignfull uagb-is-root-container"><div class="uagb-container-inner-blocks-wrap">
<ul class="wp-block-list has-medium-font-size">
<li class="has-black-color has-text-color has-link-color wp-elements-dd6351b92c627b1bf90055121703ed8a"><strong>Se solicita completar una breve encuesta sobre actualización de Proyecto Educativo Institucional (PEI) que se adjunta en este mail.</strong></li>
</ul>
</div></div>



<div class="wp-block-uagb-container uagb-block-91cf7bf6">
<ul class="wp-block-list">
<li class="has-ast-global-color-5-color has-text-color has-link-color has-medium-font-size wp-elements-d89475086b2bfc86ce0237c6a9136a10"><strong>Adjuntamos además para su conocimiento los siguientes documentos que son importantes que los manejen y conozcan:<ul><li>Reglamento Interno de Evaluación (válido para alumnos de 1ero a 8vo básico)</li></ul></strong>
<ul class="wp-block-list">
<li class="has-ast-global-color-5-color has-text-color has-medium-font-size"><strong>Link Reglamento Interno del Colegio Hellen Keller:<ul><li><a href="https://chk.cl/wp9/wp-content/uploads/2026/01/PEI-Colegio-Hellen-Keller.pdf" target="_blank" rel="noopener" title="">Ver Link (</a><a href="https://chk.cl/wp9/wp-content/uploads/2026/01/RICE-CHK-2025-.pdf" target="_blank" rel="noopener" title="">https://chk.cl/wp-content/uploads/2026/01/RICE-CHK-2025-.pdf</a><a href="https://chk.cl/wp9/wp-content/uploads/2026/01/PEI-Colegio-Hellen-Keller.pdf" target="_blank" rel="noopener" title="">)</a></li></ul></strong></li>



<li class="has-ast-global-color-5-color has-text-color has-link-color has-medium-font-size wp-elements-30aa297076c9e649253693177419a1f8"><strong>Link PEI Colegio Hellen Keller:<ul><li><a href="https://chk.cl/wp9/wp-content/uploads/2026/01/PEI-Colegio-Hellen-Keller.pdf" target="_blank" rel="noopener" title="">Ver Link (https://chk.cl/wp-content/uploads/2026/01/PEI-Colegio-Hellen-Keller.pdf)</a></li></ul></strong></li>
</ul>
</li>
</ul>
</div>
</div></div>

<p>Matrícula Proceso de Matrícula Colegio Hellen Keller 2026 Estimadas Familias&nbsp;Junto con saludarles, informamos a ustedes el inicio del proceso de Matrícula para el año Escolar 2023.</p>

Matrícula Proceso de Matrícula Colegio Hellen Keller 2026 Estimadas Familias&nbsp;Junto con saludarles, informamos a ustedes el inicio del proceso de Matrícula para el año Escolar 2023.
