{"id":936,"date":"2026-01-23T23:53:28","date_gmt":"2026-01-23T23:53:28","guid":{"rendered":"https:\/\/silver-duck-970561.hostingersite.com\/?page_id=936"},"modified":"2026-03-17T14:47:34","modified_gmt":"2026-03-17T14:47:34","slug":"quienes-somos-2","status":"publish","type":"page","link":"https:\/\/chk.cl\/wp9\/quienes-somos-2\/","title":{"rendered":"Quienes Somos"},"content":{"rendered":"\n<div class=\"wp-block-uagb-container uagb-block-5879d05b alignfull uagb-is-root-container\"><div class=\"uagb-container-inner-blocks-wrap\">\n<div class=\"wp-block-uagb-container uagb-block-cb992042\">\n<div class=\"wp-block-uagb-advanced-heading uagb-block-f8ccb537\"><h1 class=\"uagb-heading-text\"><strong>Quienes Somos<\/strong><\/h1><\/div>\n<\/div>\n<\/div><\/div>\n\n\n\n<div class=\"wp-block-uagb-container uagb-block-1abffb9a alignfull uagb-is-root-container\"><div class=\"uagb-container-inner-blocks-wrap\">\n<div class=\"wp-block-uagb-container uagb-block-c0ec97f0\">\n<div class=\"wp-block-uagb-advanced-heading uagb-block-bc054695\"><h2 class=\"uagb-heading-text\"><strong>Bienvenidos a nuestra Comunidad<\/strong><\/h2><\/div>\n<\/div>\n\n\n\n<div class=\"wp-block-uagb-container uagb-block-af23bf12\">\n<div class=\"wp-block-uagb-advanced-heading uagb-block-2b670e9e\"><p class=\"uagb-heading-text\"><strong>Quisi\u00e9ramos recibir a todo quien ingrese a nuestro sitio con la siguiente frase: \u201cHay que cerrar los ojos para poder ver\u201d. Puede sonar filos\u00f3fico, pero es la realidad palpable de todos nuestros alumnos, d\u00eda a d\u00eda. Pero es tambi\u00e9n la nuestra; la de todas las personas que trabajamos en este proyecto y que hemos debido aprender a ver con el tacto de nuestros dedos y coraz\u00f3n, para que quienes poseen alguna discapacidad visual sientan que ven a trav\u00e9s de nosotros.<\/strong><\/p><\/div>\n\n\n\n<div class=\"wp-block-uagb-advanced-heading uagb-block-656bdfae\"><p class=\"uagb-heading-text\"><strong>El personal docente directivo, docente y asistente de la educaci\u00f3n muestra d\u00eda a d\u00eda su gran compromiso y dedicaci\u00f3n para la atenci\u00f3n exclusiva que requiere cada uno y todos nuestros alumnos. Estamos siempre pendientes y preocupados de satisfacer las necesidades, expectativas e intereses de nuestros estudiantes, para darles una educaci\u00f3n de calidad que es lo que ellos merecen.<\/strong><\/p><\/div>\n\n\n\n<div class=\"wp-block-uagb-container uagb-block-e1428bba\">\n<div class=\"wp-block-uagb-advanced-heading uagb-block-65cd1500\"><h2 class=\"uagb-heading-text\"><strong>Equipo Directivo del Colegio<\/strong><\/h2><\/div>\n<\/div>\n\n\n\n<div class=\"wp-block-uagb-image uagb-block-00e6f838 wp-block-uagb-image--layout-default wp-block-uagb-image--effect-static wp-block-uagb-image--align-none\"><figure class=\"wp-block-uagb-image__figure\"><img loading=\"lazy\" decoding=\"async\" srcset=\"https:\/\/chk.cl\/wp9\/wp-content\/uploads\/2026\/01\/equipo-directovo-1024x509.png ,https:\/\/chk.cl\/wp9\/wp-content\/uploads\/2026\/01\/equipo-directovo.png 780w, https:\/\/chk.cl\/wp9\/wp-content\/uploads\/2026\/01\/equipo-directovo.png 360w\" sizes=\"auto, (max-width: 480px) 150px\" src=\"https:\/\/chk.cl\/wp9\/wp-content\/uploads\/2026\/01\/equipo-directovo-1024x509.png\" alt=\"Equipo Directovo 1024x509\" class=\"uag-image-1152\" width=\"1024\" height=\"509\" title=\"equipo-directovo\" loading=\"lazy\" role=\"img\"><\/figure><\/div>\n<\/div>\n<\/div><\/div>\n","protected":false},"excerpt":{"rendered":"<p>Quienes Somos Bienvenidos a nuestra Comunidad Quisi\u00e9ramos recibir a todo quien ingrese a nuestro sitio con la siguiente frase: \u201cHay que cerrar los ojos para poder ver\u201d. Puede sonar filos\u00f3fico, pero es la realidad palpable de todos nuestros alumnos, d\u00eda a d\u00eda. Pero es tambi\u00e9n la nuestra; la de todas las personas que trabajamos en este proyecto y que hemos debido aprender a ver con el tacto de nuestros dedos y coraz\u00f3n, para que quienes poseen alguna discapacidad visual sientan que ven a trav\u00e9s de nosotros. El personal docente directivo, docente y asistente de la educaci\u00f3n muestra d\u00eda a d\u00eda su gran compromiso y dedicaci\u00f3n para la atenci\u00f3n exclusiva que requiere cada uno y todos nuestros alumnos. Estamos siempre pendientes y preocupados de satisfacer las necesidades, expectativas e intereses de nuestros estudiantes, para darles una educaci\u00f3n de calidad que es lo que ellos merecen. Equipo Directivo del Colegio<\/p>\n","protected":false},"author":2,"featured_media":0,"parent":0,"menu_order":0,"comment_status":"closed","ping_status":"closed","template":"","meta":{"_uag_custom_page_level_css":"","site-sidebar-layout":"default","site-content-layout":"","ast-site-content-layout":"default","site-content-style":"default","site-sidebar-style":"default","ast-global-header-display":"","ast-banner-title-visibility":"","ast-main-header-display":"","ast-hfb-above-header-display":"","ast-hfb-below-header-display":"","ast-hfb-mobile-header-display":"","site-post-title":"disabled","ast-breadcrumbs-content":"","ast-featured-img":"","footer-sml-layout":"","ast-disable-related-posts":"","theme-transparent-header-meta":"","adv-header-id-meta":"","stick-header-meta":"","header-above-stick-meta":"","header-main-stick-meta":"","header-below-stick-meta":"","astra-migrate-meta-layouts":"set","ast-page-background-enabled":"default","ast-page-background-meta":{"desktop":{"background-color":"var(--ast-global-color-4)","background-image":"","background-repeat":"repeat","background-position":"center center","background-size":"auto","background-attachment":"scroll","background-type":"","background-media":"","overlay-type":"","overlay-color":"","overlay-opacity":"","overlay-gradient":""},"tablet":{"background-color":"","background-image":"","background-repeat":"repeat","background-position":"center center","background-size":"auto","background-attachment":"scroll","background-type":"","background-media":"","overlay-type":"","overlay-color":"","overlay-opacity":"","overlay-gradient":""},"mobile":{"background-color":"","background-image":"","background-repeat":"repeat","background-position":"center center","background-size":"auto","background-attachment":"scroll","background-type":"","background-media":"","overlay-type":"","overlay-color":"","overlay-opacity":"","overlay-gradient":""}},"ast-content-background-meta":{"desktop":{"background-color":"var(--ast-global-color-5)","background-image":"","background-repeat":"repeat","background-position":"center center","background-size":"auto","background-attachment":"scroll","background-type":"","background-media":"","overlay-type":"","overlay-color":"","overlay-opacity":"","overlay-gradient":""},"tablet":{"background-color":"var(--ast-global-color-5)","background-image":"","background-repeat":"repeat","background-position":"center center","background-size":"auto","background-attachment":"scroll","background-type":"","background-media":"","overlay-type":"","overlay-color":"","overlay-opacity":"","overlay-gradient":""},"mobile":{"background-color":"var(--ast-global-color-5)","background-image":"","background-repeat":"repeat","background-position":"center center","background-size":"auto","background-attachment":"scroll","background-type":"","background-media":"","overlay-type":"","overlay-color":"","overlay-opacity":"","overlay-gradient":""}},"footnotes":""},"class_list":["post-936","page","type-page","status-publish","hentry"],"uagb_featured_image_src":{"full":false,"thumbnail":false,"medium":false,"medium_large":false,"large":false,"1536x1536":false,"2048x2048":false,"woocommerce_thumbnail":false,"woocommerce_single":false,"woocommerce_gallery_thumbnail":false},"uagb_author_info":{"display_name":"admin","author_link":"https:\/\/chk.cl\/wp9\/author\/admin\/"},"uagb_comment_info":0,"uagb_excerpt":"Quienes Somos Bienvenidos a nuestra Comunidad Quisi\u00e9ramos recibir a todo quien ingrese a nuestro sitio con la siguiente frase: \u201cHay que cerrar los ojos para poder ver\u201d. Puede sonar filos\u00f3fico, pero es la realidad palpable de todos nuestros alumnos, d\u00eda a d\u00eda. Pero es tambi\u00e9n la nuestra; la de todas las personas que trabajamos en&hellip;","_links":{"self":[{"href":"https:\/\/chk.cl\/wp9\/wp-json\/wp\/v2\/pages\/936","targetHints":{"allow":["GET"]}}],"collection":[{"href":"https:\/\/chk.cl\/wp9\/wp-json\/wp\/v2\/pages"}],"about":[{"href":"https:\/\/chk.cl\/wp9\/wp-json\/wp\/v2\/types\/page"}],"author":[{"embeddable":true,"href":"https:\/\/chk.cl\/wp9\/wp-json\/wp\/v2\/users\/2"}],"replies":[{"embeddable":true,"href":"https:\/\/chk.cl\/wp9\/wp-json\/wp\/v2\/comments?post=936"}],"version-history":[{"count":8,"href":"https:\/\/chk.cl\/wp9\/wp-json\/wp\/v2\/pages\/936\/revisions"}],"predecessor-version":[{"id":2561,"href":"https:\/\/chk.cl\/wp9\/wp-json\/wp\/v2\/pages\/936\/revisions\/2561"}],"wp:attachment":[{"href":"https:\/\/chk.cl\/wp9\/wp-json\/wp\/v2\/media?parent=936"}],"curies":[{"name":"wp","href":"https:\/\/api.w.org\/{rel}","templated":true}]}}

<div class="wp-block-uagb-container uagb-block-5879d05b alignfull uagb-is-root-container"><div class="uagb-container-inner-blocks-wrap">
<div class="wp-block-uagb-container uagb-block-cb992042">
<div class="wp-block-uagb-advanced-heading uagb-block-f8ccb537"><h1 class="uagb-heading-text"><strong>Quienes Somos</strong></h1></div>
</div>
</div></div>



<div class="wp-block-uagb-container uagb-block-1abffb9a alignfull uagb-is-root-container"><div class="uagb-container-inner-blocks-wrap">
<div class="wp-block-uagb-container uagb-block-c0ec97f0">
<div class="wp-block-uagb-advanced-heading uagb-block-bc054695"><h2 class="uagb-heading-text"><strong>Bienvenidos a nuestra Comunidad</strong></h2></div>
</div>



<div class="wp-block-uagb-container uagb-block-af23bf12">
<div class="wp-block-uagb-advanced-heading uagb-block-2b670e9e"><p class="uagb-heading-text"><strong>Quisiéramos recibir a todo quien ingrese a nuestro sitio con la siguiente frase: “Hay que cerrar los ojos para poder ver”. Puede sonar filosófico, pero es la realidad palpable de todos nuestros alumnos, día a día. Pero es también la nuestra; la de todas las personas que trabajamos en este proyecto y que hemos debido aprender a ver con el tacto de nuestros dedos y corazón, para que quienes poseen alguna discapacidad visual sientan que ven a través de nosotros.</strong></p></div>



<div class="wp-block-uagb-advanced-heading uagb-block-656bdfae"><p class="uagb-heading-text"><strong>El personal docente directivo, docente y asistente de la educación muestra día a día su gran compromiso y dedicación para la atención exclusiva que requiere cada uno y todos nuestros alumnos. Estamos siempre pendientes y preocupados de satisfacer las necesidades, expectativas e intereses de nuestros estudiantes, para darles una educación de calidad que es lo que ellos merecen.</strong></p></div>



<div class="wp-block-uagb-container uagb-block-e1428bba">
<div class="wp-block-uagb-advanced-heading uagb-block-65cd1500"><h2 class="uagb-heading-text"><strong>Equipo Directivo del Colegio</strong></h2></div>
</div>



<div class="wp-block-uagb-image uagb-block-00e6f838 wp-block-uagb-image--layout-default wp-block-uagb-image--effect-static wp-block-uagb-image--align-none"><figure class="wp-block-uagb-image__figure"><img loading="lazy" decoding="async" srcset="https://chk.cl/wp9/wp-content/uploads/2026/01/equipo-directovo-1024x509.png ,https://chk.cl/wp9/wp-content/uploads/2026/01/equipo-directovo.png 780w, https://chk.cl/wp9/wp-content/uploads/2026/01/equipo-directovo.png 360w" sizes="auto, (max-width: 480px) 150px" src="https://chk.cl/wp9/wp-content/uploads/2026/01/equipo-directovo-1024x509.png" alt="Equipo Directovo 1024x509" class="uag-image-1152" width="1024" height="509" title="equipo-directovo" loading="lazy" role="img"></figure></div>
</div>
</div></div>

<p>Quienes Somos Bienvenidos a nuestra Comunidad Quisiéramos recibir a todo quien ingrese a nuestro sitio con la siguiente frase: “Hay que cerrar los ojos para poder ver”. Puede sonar filosófico, pero es la realidad palpable de todos nuestros alumnos, día a día. Pero es también la nuestra; la de todas las personas que trabajamos en este proyecto y que hemos debido aprender a ver con el tacto de nuestros dedos y corazón, para que quienes poseen alguna discapacidad visual sientan que ven a través de nosotros. El personal docente directivo, docente y asistente de la educación muestra día a día su gran compromiso y dedicación para la atención exclusiva que requiere cada uno y todos nuestros alumnos. Estamos siempre pendientes y preocupados de satisfacer las necesidades, expectativas e intereses de nuestros estudiantes, para darles una educación de calidad que es lo que ellos merecen. Equipo Directivo del Colegio</p>

Quienes Somos Bienvenidos a nuestra Comunidad Quisiéramos recibir a todo quien ingrese a nuestro sitio con la siguiente frase: “Hay que cerrar los ojos para poder ver”. Puede sonar filosófico, pero es la realidad palpable de todos nuestros alumnos, día a día. Pero es también la nuestra; la de todas las personas que trabajamos en&hellip;
